 prime?
True
Is 1639897306 a prime number?
False
Is 147832036277 composite?
False
Is 49265740717 a prime number?
True
Is 8335248113 a prime number?
False
Is 549191899 composite?
False
Is 1869576887 composite?
True
Is 73880955487 prime?
True
Is 5614862161 composite?
True
Is 7128336541 a prime number?
False
Is 1666424953 composite?
False
Is 3938492033 composite?
True
Is 333644603 composite?
False
Is 72753812795 a prime number?
False
Is 500235937 prime?
False
Is 294680931 composite?
True
Is 3914265617 a composite number?
True
Is 18469786105 prime?
False
Is 11927979051 composite?
True
Is 9410173499 a prime number?
False
Is 345512747 prime?
True
Is 17553726637 a composite number?
False
Is 17116291727 composite?
False
Is 693114999 a composite number?
True
Is 75386703611 a prime number?
True
Is 7881433517 composite?
False
Is 114986554391 a composite number?
False
Is 2136055421 composite?
True
Is 1626095651 a composite number?
True
Is 294017089 prime?
False
Is 1489881169 a prime number?
False
Is 3219776933 prime?
False
Is 19775077429 prime?
False
Is 170666771 a prime number?
False
Is 3718424033 a prime number?
False
Is 82898556839 a composite number?
True
Is 606713659 composite?
False
Is 1428195751 a prime number?
False
Is 733554277 a composite number?
True
Is 14044505977 prime?
False
Is 39238141141 a prime number?
True
Is 8465348999 composite?
False
Is 5138232721 composite?
False
Is 9435104215 a composite number?
True
Is 2017976777 a prime number?
True
Is 13221069559 a composite number?
False
Is 30302209909 composite?
False
Is 322720003 a prime number?
True
Is 619192229 a composite number?
False
Is 180460673 composite?
True
Is 4790774101 prime?
True
Is 514233019 a prime number?
False
Is 17724887227 prime?
True
Is 51690493 prime?
True
Is 19679612341 a prime number?
True
Is 137247468203 composite?
False
Is 736053419 a composite number?
False
Is 87632392373 prime?
True
Is 484705409047 prime?
True
Is 48982654159 prime?
True
Is 368046689 a composite number?
False
Is 159203851 a composite number?
False
Is 21369788369 prime?
True
Is 5890612139 composite?
False
Is 1450038871 prime?
True
Is 1280165389 composite?
True
Is 824718053 a prime number?
True
Is 3230297113 composite?
True
Is 253340489 a composite number?
True
Is 158385793 prime?
True
Is 337895771 a prime number?
True
Is 4232504821 prime?
False
Is 264284887 prime?
False
Is 19863980129 prime?
False
Is 3409141111 a prime number?
True
Is 1147895629 a composite number?
False
Is 9616559 composite?
True
Is 1648505563 a composite number?
False
Is 3534281461 composite?
False
Is 462869327 a prime number?
True
Is 837788591 composite?
True
Is 788211722 composite?
True
Is 1921564079 a composite number?
False
Is 1999573703 a prime number?
False
Is 534983079 composite?
True
Is 41487139997 a composite number?
False
Is 44105893745 prime?
False
Is 3904417681 composite?
False
Is 115554860555 composite?
True
Is 15129051943 composite?
True
Is 5297984693 composite?
True
Is 2338447633 a prime number?
True
Is 262339841339 a prime number?
False
Is 123366379 prime?
True
Is 27952558411 a prime number?
True
Is 6232813627 composite?
False
Is 2488410709 prime?
False
Is 1917857299 composite?
False
Is 5255845073 a composite number?
True
Is 2293280527 composite?
True
Is 11049238117 composite?
False
Is 3550537937 a prime number?
True
Is 3907210283 prime?
False
Is 4210427 a prime number?
False
Is 123967486 composite?
True
Is 2426104103 composite?
True
Is 47499521039 composite?
True
Is 10208591737 prime?
False
Is 17884972627 composite?
True
Is 93471010433 composite?
True
Is 33111206951 composite?
False
Is 205276909 prime?
False
Is 1211207149 a prime number?
False
Is 8271266837 a prime number?
True
Is 1910497447 composite?
True
Is 1032723979 prime?
False
Is 600434126 prime?
False
Is 12479253133 a prime number?
True
Is 127854785089 a prime number?
True
Is 380544429 prime?
False
Is 336498689 a composite number?
False
Is 26457566323 composite?
False
Is 372190999 prime?
False
Is 4232265383 a composite number?
True
Is 524168423 composite?
True
Is 5990638343 a prime number?
False
Is 129090646 a composite number?
True
Is 372205621 composite?
False
Is 22163619433 a composite number?
True
Is 1970340143 prime?
False
Is 903907481 prime?
False
Is 236416555909 composite?
True
Is 3714443533 a prime number?
False
Is 1065658693 a composite number?
True
Is 3018136787 composite?
False
Is 2215134573 a composite number?
True
Is 103079784217 composite?
True
Is 5241876011 composite?
False
Is 43476904573 composite?
True
Is 12716884619 a composite number?
False
Is 21829702603 composite?
False
Is 117013114057 a prime number?
False
Is 16300196171 a composite number?
True
Is 909134543 a composite number?
True
Is 60985568797 composite?
True
Is 6724961017 composite?
True
Is 24750912127 composite?
True
Is 8614286243 composite?
False
Is 33871888067 a composite number?
False
Is 1603151531 a composite number?
True
Is 867295549 a prime number?
False
Is 68410042 a prime number?
False
Is 57680922919 a composite number?
False
Is 1780096033 prime?
False
Is 389940389 a composite number?
False
Is 12937057 a prime number?
False
Is 93818377 composite?
True
Is 3289705481 composite?
False
Is 854589511 prime?
True
Is 158077682221 prime?
True
Is 178258627541 composite?
False
Is 5912887931 composite?
True
Is 2091379141 prime?
True
Is 1725682811 a composite number?
True
Is 3170335219 a composite number?
True
Is 2434586941 prime?
True
Is 38796908981 composite?
True
Is 373367419 a prime number?
True
Is 5839382257 composite?
True
Is 461962099 a prime number?
True
Is 78967337107 a prime number?
True
Is 25024935389 prime?
False
Is 3743159029 composite?
False
Is 215295983 composite?
True
Is 14542823653 a composite number?
True
Is 355102430809 composite?
True
Is 3519012787 prime?
True
Is 20480515501 a prime number?
True
Is 3091955485 prime?
False
Is 42914498839 prime?
True
Is 244970837 a prime number?
True
Is 331866960245 a composite number?
True
Is 6566594911 a composite number?
False
Is 14789498411 composite?
False
Is 106602413 a prime number?
False
Is 5263129301 a composite number?
True
Is 154270670501 composite?
True
Is 94068754631 a prime number?
True
Is 11243131699 prime?
False
Is 511697657 a composite number?
False
Is 408553549 prime?
False
Is 1070189531 a composite number?
True
Is 5675580133 composite?
False
Is 22776464485 prime?
False
Is 185076431 a composite number?
False
Is 185222305 composite?
True
Is 1527502117 a prime number?
False
Is 69254568893 a prime number?
True
Is 75585720055 a composite number?
True
Is 14975278931 a prime number?
False
Is 9035198717 prime?
False
Is 18418022573 a composite number?
False
Is 330413191 prime?
True
Is 8095219883 a prime number?
True
Is 190523749243 a prime number?
True
Is 2318877427 prime?
True
Is 1206024581 a composite number?
False
Is 2228555671 a prime number?
False
Is 59026010891 prime?
True
Is 723146507 prime?
True
Is 290481868549 prime?
True
Is 3625619051 composite?
False
Is 2138963509 a composite number?
False
Is 14504390863 a prime number?
True
Is 187991563 prime?
True
Is 695287858 a prime number?
False
Is 610779373 a prime number?
False
Is 696693281 prime?
False
Is 32478456839 a prime number?
False
Is 10578891637 prime?
False
Is 819597783 composite?
True
Is 22788844297 prime?
True
Is 4468121003 a composite number?
False
Is 11462879063 a prime number?
False
Is 5614383919 composite?
True
Is 679476899 composite?
False
Is 1355315167 a composite number?
False
Is 37563011483 a composite number?
False
Is 8303938871 a composite number?
False
Is 10806343619 composite?
False
Is 2647737581 prime?
True
Is 2112174871 a composite number?
False
Is 925485863 prime?
True
Is 5146975957 prime?
False
Is 16294351687 composite?
False
Is 911973269 a prime number?
True
Is 229873067 a prime number?
True
Is 183343830063 a prime number?
False
Is 10168226931 a composite number?
True
Is 128803598447 a composite number?
False
Is 75250183 composite?
False
Is 651233486 a prime number?
False
Is 2284514074 composite?
True
Is 7163778023 prime?
False
Is 1505898649 composite?
False
Is 1490792533 composite?
True
Is 44867261 prime?
False
Is 14938593809 a prime number?
True
Is 42886256107 a composite number?
False
Is 1216164265 prime?
False
Is 8047311637 prime?
False
